4?
2, 7, 941
List the prime factors of 51151.
51151
List the prime factors of 51.
3, 17
What are the prime factors of 521?
521
What are the prime factors of 1579?
1579
What are the prime factors of 14?
2, 7
What are the prime factors of 19783?
73, 271
List the prime factors of 4596.
2, 3, 383
What are the prime factors of 5194?
2, 7, 53
List the prime factors of 32554.
2, 41, 397
List the prime factors of 1823.
1823
List the prime factors of 4299.
3, 1433
What are the prime factors of 1963?
13, 151
What are the prime factors of 2566?
2, 1283
List the prime factors of 18632.
2, 17, 137
List the prime factors of 15640.
2, 5, 17, 23
What are the prime factors of 37594?
2, 18797
What are the prime factors of 11224?
2, 23, 61
What are the prime factors of 5748?
2, 3, 479
What are the prime factors of 90368?
2, 353
List the prime factors of 89628.
2, 3, 7, 11, 97
List the prime factors of 122077.
17, 43, 167
What are the prime factors of 1203?
3, 401
What are the prime factors of 5315?
5, 1063
List the prime factors of 103665.
3, 5, 6911
List the prime factors of 6126.
2, 3, 1021
What are the prime factors of 33239?
43, 773
What are the prime factors of 2700?
2, 3, 5
What are the prime factors of 77760?
2, 3, 5
List the prime factors of 593.
593
List the prime factors of 86739.
3, 29, 997
List the prime factors of 465.
3, 5, 31
List the prime factors of 32845.
5, 6569
What are the prime factors of 17397?
3, 1933
What are the prime factors of 4636?
2, 19, 61
What are the prime factors of 1460?
2, 5, 73
List the prime factors of 4868.
2, 1217
List the prime factors of 47941.
191, 251
What are the prime factors of 278?
2, 139
List the prime factors of 168676.
2, 42169
List the prime factors of 2159.
17, 127
What are the prime factors of 2505?
3, 5, 167
List the prime factors of 14138.
2, 7069
List the prime factors of 21662.
2, 10831
What are the prime factors of 4802?
2, 7
List the prime factors of 1841.
7, 263
What are the prime factors of 2376?
2, 3, 11
List the prime factors of 23393.
149, 157
List the prime factors of 197.
197
List the prime factors of 31148.
2, 13, 599
What are the prime factors of 139?
139
List the prime factors of 20904.
2, 3, 13, 67
List the prime factors of 6356.
2, 7, 227
List the prime factors of 2246.
2, 1123
List the prime factors of 14362.
2, 43, 167
List the prime factors of 30.
2, 3, 5
What are the prime factors of 1523?
1523
List the prime factors of 26735.
5, 5347
What are the prime factors of 36661?
61, 601
What are the prime factors of 13?
13
List the prime factors of 6591.
3, 13
What are the prime factors of 3852?
2, 3, 107
What are the prime factors of 1863?
3, 23
What are the prime factors of 6474?
2, 3, 13, 83
What are the prime factors of 23038?
2, 11519
What are the prime factors of 128060?
2, 5, 19, 337
List the prime factors of 118854.
2, 3, 31, 71
List the prime factors of 80475.
3, 5, 29, 37
What are the prime factors of 393?
3, 131
List the prime factors of 120077.
120077
What are the prime factors of 56196?
2, 3, 7, 223
List the prime factors of 16824.
2, 3, 701
What are the prime factors of 86?
2, 43
What are the prime factors of 2949?
3, 983
List the prime factors of 1218.
2, 3, 7, 29
List the prime factors of 2171.
13, 167
What are the prime factors of 117?
3, 13
List the prime factors of 6478.
2, 41, 79
List the prime factors of 53827.
19, 2833
List the prime factors of 2882.
2, 11, 131
What are the prime factors of 118644?
2, 3, 9887
What are the prime factors of 18698?
2, 9349
List the prime factors of 104723.
104723
What are the prime factors of 198?
2, 3, 11
List the prime factors of 1180.
2, 5, 59
What are the prime factors of 156?
2, 3, 13
What are the prime factors of 535?
5, 107
List the prime factors of 81633.
3, 27211
List the prime factors of 601.
601
List the prime factors of 51643.
43, 1201
List the prime factors of 5936.
2, 7, 53
What are the prime factors of 18701?
18701
What are the prime factors of 15446?
2, 7723
What are the prime factors of 2537?
43, 59
List the prime factors of 1334.
2, 23, 29
List the prime factors of 3887.
13, 23
What are the prime factors of 4516?
2, 1129
What are the prime factors of 2206?
2, 1103
What are the prime factors of 2639?
7, 13, 29
List the prime factors of 1183.
7, 13
What are the prime factors of 12305?
5, 23, 107
List the prime factors of 82800.
2, 3, 5, 23
What are the prime factors of 8528?
2, 13, 41
What are the prime factors of 36369?
3, 449
List the prime factors of 10679.
59, 181
What are the prime factors of 25065?
3, 5, 557
List the prime factors of 55534.
2, 27767
What are the prime factors of 1140?
2, 3, 5, 19
List the prime factors of 121022.
2, 11, 5501
List the prime factors of 21725.
5, 11, 79
What are the prime factors of 2737?
7, 17, 23
List the prime factors of 49985.
5, 13, 769
What are the prime factors of 918?
2, 3, 17
What are the prime factors of 1309?
7, 11, 17
What are the prime factors of 109684?
2, 17, 1613
List the prime factors of 64840.
2, 5, 1621
What are the prime factors of 8185?
5, 1637
What are the prime factors of 23518?
2, 11, 1069
List the prime factors of 16951.
11, 23, 67
List the prime factors of 53982.
2, 3, 2999
What are the prime factors of 1133?
11, 103
List the prime factors of 1178.
2, 19, 31
List the prime factors of 2504.
2, 313
List the prime factors of 30175.
5, 17, 71
List the prime factors of 81032.
2, 7, 1447
List the prime factors of 17189.
17189
List the prime factors of 73534.
2, 36767
List the prime factors of 41837.
17, 23, 107
List the prime factors of 20681.
20681
What are the prime factors of 17562?
2, 3, 2927
What are the prime factors of 9321?
3, 13, 239
List the prime factors of 35853.
3, 17, 19, 37
List the prime factors of 11759.
11, 1069
List the prime factors of 9079.
7, 1297
What are the prime factors of 528?
2, 3, 11
What are the prime factors of 126?
2, 3, 7
List the prime factors of 7118.
2, 3559
List the prime factors of 983.
983
What are the prime factors of 7736?
2, 967
List the prime factors of 19635.
3, 5, 7, 11, 17
List the prime factors of 18551.
13, 1427
What are the prime factors of 2075?
5, 83
What are the prime factors of 4582?
2, 29, 79
What are the prime factors of 46442?
2, 11, 2111
List the prime factors of 124707.
3, 11, 3779
What are the prime factors of 1091?
1091
What are the prime factors of 20401?
23, 887
What are the prime factors of 110196?
2, 3, 3061
What are the prime factors of 2569?
7, 367
What are the prime factors of 1420?
2, 5, 71
What are the prime factors of 84991?
84991
What are the prime factors of 601?
601
List the prime factors of 20.
2, 5
List the prime factors of 4894.
2, 2447
List the prime factors of 17183.
17183
What are the prime factors of 7932?
2, 3, 661
List the prime factors of 254.
2, 127
List the prime factors of 5678.
2, 17, 167
What are the prime factors of 127700?
2, 5, 1277
What are the prime factors of 903?
3, 7, 43
What are the prime factors of 921?
3, 307
What are the prime factors of 158?
2, 79
What are the prime factors of 20126?
2, 29, 347
What are the prime factors of 9513?
3, 7, 151
List the prime factors of 80210.
2, 5, 13, 617
List the prime factors of 4511.
13, 347
List the prime factors of 5537.
7, 113
What are the prime factors of 22972?
2, 5743
List the prime factors of 320.
2, 5
List the prime factors of 54153.
3, 11, 547
What are the prime factors of 19958?
2, 17, 587
What are the prime factors of 37084?
2, 73, 127
List the prime factors of 12482.
2, 79
List the prime factors of 22973.
22973
List the prime factors of 2987.
29, 103
What are the prime factors of 512?
2
What are the prime factors of 37462?
2, 18731
List the prime factors of 507.
3, 13
List the prime factors of 53554.
2, 26777
What are the prime factors of 62453?
19, 173
What are the prime factors of 1261?
13, 97
List the prime factors of 1358.
2, 7, 97
What are the prime factors of 51314?
2, 25657
What are the prime factors of 4477?
11, 37
What are the prime factors of 930?
2, 3, 5, 31
What are the prime factors of 978?
2, 3, 163
What are the prime factors of 49146?
2, 3, 8191
What are the prime factors of 698?
2, 349
What are the prime factors of 11642?
2, 5821
List the prime factors of 77550.
2, 3, 5, 11, 47
List the prime factors of 567